y be k(-2). Let m(o) = 1 + 7 - o + 3. What is m(y)?
5
Suppose 0*w = -3*w + 9. Suppose -c - w = -5. Let f(n) = 2*n**3 - 6 - 2*n**c - 3*n**2 - n**3. Give f(5).
-6
Let v(s) = 0 + 156*s**2 - 153*s**2 - s + 2. Let j be 5/(-15) - (-14)/6. Calculate v(j).
12
Let a(x) = 2*x**3 - 2*x**2 - x + 2. Suppose -3*s - 41 = 2*t, 2*s = 5*t + 31 - 33. Let f be (5 - -1)/((-4)/6). Let r = f - s. Determine a(r).
8
Let f(o) = o**2 + 2. Let n(l) = -5*l**2 - l - 11. Let s(t) = -11*f(t) - 2*n(t). Suppose 0 = w - 3 + 1. What is s(w)?
0
Let n be ((-3)/2)/((-12)/24). Let u be -2*((-9)/(-6))/n. Let t(s) = 0*s - 3*s + 0*s + s - 1 - 2*s**2. Calculate t(u).
-1
Let i(w) = 5*w**3 + 3*w**2 + 21*w - 1. Let d(z) = 3*z**3 + z**2 + 11*z. Let f(p) = -7*d(p) + 4*i(p). Suppose 103*k - 38*k + 137 = 527. What is f(k)?
2
Let u(b) = -2 + 110179*b**2 + 1 + 3 + 3*b - 110181*b**2. Let i(v) = -3*v**2 + 1. Let q be i(1). Determine u(q).
-12
Let v(o) = 46*o + 1. Let l(z) = -47*z - 1. Let r(d) = -5*l(d) - 6*v(d). Give r(1).
-42
Let t(o) = -o**2 + 20*o - 53. Let z = -287 + 304. Give t(z).
-2
Let f(r) = -12*r + 2. Let b(j) = -287*j + 49. Let z(l) = 2*b(l) - 49*f(l). What is z(-2)?
-28
Let x(m) = -4*m + 1 + 0 + 6*m + 1. Let k(o) = -o**3 + 7*o**2 + 3*o - 63. Let b be k(4). Give x(b).
-4
Let q(l) = 4 + l - 4. Let z(b) = -53 + 25 - 8*b - b**2 - 6*b + 3*b. Let n be z(-5). Calculate q(n).
2
Let l(x) = -4*x. Suppose 5*a + 0 = -10, -2*a = -5*c + 24. Suppose c + 4 = 4*b. Suppose -3*m = m - 2*w, -3*w = -b*m - 4. Give l(m).
-4
Suppose -4*f = -3*k - 28, 9*f - 4*f = -4*k - 27. Let b(s) = 5 + 5 + 1 + s. Give b(k).
3
Let g(p) = p**3 + p**2 - p + 2. Suppose -3*t + u - 4 = -3*u, -28 = -4*t - 3*u. Suppose 49 - 13 = -t*q. Let h = -7 - q. What is g(h)?
12
Let r be 27/(-18)*(-1 + (-34)/6). Let t(c) = -c**2 + 3*c - r*c + 10 - c. Calculate t(-8).
10
Let y(r) = 8*r**2 + 4*r - 5. Let i(w) = w - 1. Suppose 4*g - k - k = 12, 20 = 5*k. Let u(b) = g*i(b) - y(b). Calculate u(1).
-7
Let k(z) = 3*z - 2000 + 1002 - z**2 + 994. Let g = 5 + -1. What is k(g)?
-8
Let f(w) = w**2 + 10*w + 2. Suppose 4*s = 2*m - 3*m, -3 = -3*s. Determine f(m).
-22
Let y(p) be the third derivative of -7/40*p**6 + 0 + 0*p**4 + 0*p**3 + 26*p**2 + 0*p - 1/60*p**5. Calculate y(1).
-22
Let n(h) = 4 - 2 - 3*h - 5. Let k be n(-2). Let y(r) = 7*r**3 - 8*r - 1. Let u(c) = -8*c**3 - c**2 + 10*c + 2. Let j(f) = 5*u(f) + 6*y(f). Calculate j(k).
19
Let p(i) = i - 9. Let n = 659 - 664. Calculate p(n).
-14
Let d(y) = 4 - 21*y + 1 - 966*y**2 + 965*y**2 + 0. What is d(-21)?
5
Let o = 2 - -11. Suppose -3*d = -d + 3*t - o, 4*d + 7 = 5*t. Let j(x) = -x**2 - d*x**2 + 3*x - 7*x + x**3 + 2. What is j(4)?
2
Suppose 7*v - 21 = 4*v. Let r(x) be the second derivative of -x**5/20 + 2*x**4/3 - 5*x**3/3 + 4*x**2 - 312*x. Give r(v).
-13
Let u = -71 + 67. Let z(t) = -7*t - 3 + 7 - 2 - t**2 - 7. Calculate z(u).
7
Suppose 5*c = -5*d + 20, -5*c + 11 = -5*d - 9. Let a(p) = -4*p**2 - 2. Let f(u) = -3*u**2 + 2*u - 3. Let i(l) = 2*a(l) - 3*f(l). Calculate i(c).
-3
Let n(v) = v**2 + 7*v - 18. Let x be n(9). Let f(c) = -2 + 1 + 124*c + 4*c**2 - x*c. Determine f(-1).
5
Let x(n) be the third derivative of n**7/5040 - n**6/90 + 13*n**5/60 + 13*n**2. Let s(g) be the third derivative of x(g). Calculate s(-6).
-14
Let t(k) = k**3 - 6*k**2 - 8*k. Let x = -49 + 54. Suppose w + 8 = -3*f, 3*w - 3*f = x*w + 1. What is t(w)?
-7
Let b(y) be the third derivative of -y**6/120 + y**5/60 - y**4/8 + y**3/2 + y**2 + 7*y. Calculate b(2).
-7
Suppose -6*v = 4*v - 600. Let d = v + -61. Let b(l) = 7*l**2 + 2*l + 1. Give b(d).
6
Let a(t) = -6*t**3 + t + 1. Let w be a(-1). Let j(d) = -d**2 - 5*d + 17. Let u be j(-7). Let p(o) = -7*o - o**3 + 7*o**2 + 0*o**u + 96 - 92 + 0*o**3. Give p(w).
-2
Suppose -4*r - 22 = 2*u, -4*u + 5*u + 5*r = -26. Let b(f) = -24*f**2 + 2*f + 1. What is b(u)?
-25
Let a(r) = 3*r + 8*r**2 + 2*r + r**3 - 144 + 146. Give a(-5).
52
Suppose 2*w - 4*u - 12 = -2*u, -3*w = 2*u - 28. Suppose 0*f + f - 6 = 0. Let q(v) = -f*v + w + 4*v**2 + v**3 + 7*v - 3 + 0*v. Calculate q(-4).
1
Let f(j) = -j**3 - j**2 + j + 9. Let d be (-3)/(-1)*2/2. Suppose -5*u + d + 17 = 0. Suppose -3*a = -u*a. Determine f(a).
9
Let y(t) be the third derivative of t**6/60 - t**5/30 - t**3/6 + t**2. Let k = 9564 - 9562. Calculate y(k).
7
Let f(r) be the second derivative of -r**4/12 - 3*r**3/2 - 5*r**2/2 - r - 6. What is f(-9)?
-5
Let g(c) be the third derivative of -c**5/60 - c**4/4 - c**3 - 7*c**2 - 4. Calculate g(-5).
-1
Let a(b) be the third derivative of 1/6*b**3 + 1/120*b**6 - 10*b - 1/30*b**5 + 0 - 1/12*b**4 + 2*b**2. Give a(2).
-3
Let o be (-8 + 6)/(2/7). Let f(x) = -x**2 - 10*x - 7. Calculate f(o).
14
Let k be 3 - 27/12 - 2/(-8). Let f(v) = -3 - 7*v**2 + v**3 + v + 0*v - 7*v + k. Give f(8).
14
Let h(r) = 10*r - 2. Suppose -8*j - 61 = -69. Give h(j).
8
Let g be (-2)/3*45/6. Let m(k) be the third derivative of 1/12*k**4 + 0*k + 4*k**2 + 0 + 2/3*k**3. Give m(g).
-6
Let h(b) be the second derivative of b**5/20 + 7*b**4/6 - 8*b**2 + 15*b - 2. Determine h(-14).
-16
Let q(r) be the second derivative of -r**5/20 + 7*r**4/12 - 5*r**3/6 - r**2/2 + r + 2. Determine q(6).
5
Let j be -15 + 60/(-1 - 11). Let s(u) = u**2 + 21*u + 15. Determine s(j).
-5
Let q(j) be the first derivative of -j**3/3 + j**2 + 4*j + 337. What is q(-5)?
-31
Let x(s) = -2*s**3 - 2*s**2 - s + 2. Let r(q) = -10*q + 98. Let a be r(10). Give x(a).
12
Let b(p) = -2*p**2 + 84*p + 87. Let n be b(43). Let c(h) = -7*h**2 - 2*h + 1. Give c(n).
-8
Let m(r) = 112*r - 5 - 1 - 111*r. Let p be (-55)/(-10) - 2/4. Determine m(p).
-1
Let w(f) = 12*f**2 + 5*f - 8. Let u(q) = -5*q**2 - 3*q + 4. Let m(h) = -7*u(h) - 3*w(h). Calculate m(5).
1
Let p be ((-16)/64)/(-1 - 11/(-12)). Let m(n) = -p - 7*n**3 - 11*n**3 + 17*n**3 + 2. What is m(-2)?
7
Let k = 210 - 215. Let n(v) = 2*v**2 - 3*v - 3. Let m(t) = 5*t**2 - 10*t - 8. Let b(f) = -3*m(f) + 8*n(f). Calculate b(k).
-5
Let s(n) = 21*n**2 - 108*n**3 + 294*n**3 - 39 - 185*n**3 + 18*n. Calculate s(-20).
1
Let m(d) be the first derivative of -d**4/12 - d**3/6 + d**2/2 + 8. Let l(x) be the second derivative of m(x). Calculate l(-3).
5
Suppose -49 = -2*i - 5*f, 4*i + 3*f = -0*f + 77. Let n = 19 - i. Let c(z) = 2 - n*z - 5 - 5 + 5. Calculate c(3).
-9
Let o(f) = -4*f**3 + 13*f**2 + 18*f + 27. Let j(w) = -w**3 + w**2 + 2*w + 2. Let q(b) = 5*j(b) - o(b). Determine q(-7).
-10
Let c be (-1)/(8/6 - 1). Let f(t) = 2*t + 6. Determine f(c).
0
Let n(x) = x - 3. Let j(a) = -a**2 + 104*a - 64. Let y(t) = t**2 - 69*t + 43. Let d(k) = -5*j(k) - 7*y(k). Let r be d(-19). Determine n(r).
-3
Let z be ((-4)/6)/(1/3). Let v(a) be the first derivative of -a**5/30 - 2*a**3 + 14. Let s(m) be the third derivative of v(m). What is s(z)?
8
Let t(j) be the third derivative of j**5/60 - j**3/2 + 2*j**2. Let l be (-13 + 13)/(-3 + 4). Determine t(l).
-3
Let b = 437 - 438. Let i(r) = 15*r**3 + r**2 + r + 1. Give i(b).
-14
Let d(i) be the second derivative of i**8/6720 - i**7/2520 - i**6/720 - i**5/30 - i**4/3 + 6*i. Let n(j) be the third derivative of d(j). Give n(3).
11
Suppose -23*t - 413 = -30*t + 66*t. Let y(i) be the second derivative of -i**3/2 - 3*i**2/2 - i. Calculate y(t).
18
Let j(l) be the second derivative of l**3/6 - l**2/2 + 3750*l. Let r be -4 - (-3 + 3 + -1). Give j(r).
-4
Suppose -10 = -0*q - 5*q, 4*l + q - 930 = 0. Let c(p) = 232 - l + 3*p. What is c(-6)?
-18
Let y(b) be the first derivative of -7*b + 4 - 1/2*b**2. What is y(-9)?
2
Let u(p) = 15 + 11 + p - 32 + 19 + 5. Calculate u(-5).
13
Let v(m) = 3*m - 4. Let u be 1*93 - (17 + -17). Let n = u - 96. Determine v(n).
-13
Let b(y) be the third derivative of 5*y**4/24 + y**3/6 - 2*y**2 - 1446. Let m = -8 - -6. Let h be -2 + (-2)/(-2) - m. Give b(h).
6
Suppose -2*r = -5 - 5, 5*q + 2*r = 50. Let l(u) = -5 + 2*u**3 + q*u**3 - 11*u**3 - 9*u - 10*u**2. Give l(-9).
-5
Let s(u) be the third derivative of -u**5/60 - u**4/4 - u**3 + 6*u**2. Let b be s(-3). Let h(g) = 6*g - 2*g - 4*g - b - g. Calculate h(3).
-6
Let u = -8 + 10. Suppose -u*i + 2*c = 0, -2*c + 5 = 3*i - 0. Let f(y) = -5*y + y**2 + i - 1 - 4. What is f(4)?
-8
Suppose -9*m + 15 = -4*m. Let a(t) = -18*t + 6*t**2 + 35*t + t**m - 14*t. Determine a(-6).
-18
Let k = -445 + 438. Let m(j) = j**3 + 6*j**2 - 7*j + 1. What is m(k)?
1
Suppose -4 = -5*l + 11. Let u(s)